-15.
-3
Evaluate 5 - (23 + -13 + 4 + 0).
-9
What is -1 - 12 - (114 - 136)?
9
Calculate 19 + (-5 - 19) + (0 - 0).
-5
What is the value of 13 + 0 - (112 - 105)?
6
What is 29 + -25 - (-6 + 2 + 0)?
8
6 + -10 + 8 + (-8 - -1)
-3
What is the value of -8 - (5 + 5 + -5 + -3)?
-10
What is (0 - -6) + (0 - 3) + 0?
3
Evaluate 1 + 1 + (4 - 5).
1
What is the value of 7 + (-8 - 3 - -6)?
2
Calculate (12 + -11 - (-3 + -2)) + -3.
3
What is (0 - -2) + 0 + 0?
2
What is the value of 5 - ((-2 - 3) + 17)?
-7
-4 + (-2 + 1 - -7)
2
What is -4 - (-1 - 3) - 6?
-6
What is the value of 2 - 7 - (-7 - (-3 + 1))?
0
Evaluate (8 - 2) + -2 + (4 - 6).
2
-5 - (6 - 6) - -9
4
What is -23 + 22 + (5 - 0)?
4
What is the value of -13 - (-12 - 0) - -9?
8
What is (-1 - -4) + (6 - 9)?
0
What is -9 + 6 + (-9 - -11)?
-1
-29 + 40 - (0 - (-4 - 0))
7
-1 - (1 - (2 - 2))
-2
Calculate -3 - (-7 - 1) - 3.
2
What is the value of (1 - 4) + -1 - (-21 - -22)?
-5
Calculate (0 - 3) + -7 + (26 - 14).
2
-4 - (-12 + 4 + -1)
5
What is 3 - 0 - (-9 - -16) - 0?
-4
-8 + (8 - (-2 - 4))
6
3 + (4 - 6 - -5 - 3)
3
(-17 - -13) + (4 - -3)
3
Evaluate -5 + 7 - (-5 + 11).
-4
Evaluate -2 + (-5 - -2) + 0.
-5
What is the value of 0 + 1 + (-33 - -30) - -5?
3
What is the value of -1 + 0 + 0 + 1 + 2?
2
(17 + -14 - -1) + -1 + -3
0
What is the value of (8 - 12) + (-2 - -6)?
0
Calculate 0 + 1 - 3 - (0 + 0).
-2
What is the value of -4 + (-3 - -15) + (-10 - -4)?
2
What is -11 - (-9 + 4) - -5?
-1
What is (-13 - -4) + 16 + -2?
5
Calculate -2 - 6 - (-4 - 0).
-4
Calculate 2 - (-7 + 14) - -10.
5
Calculate 14 - 12 - -3 - (5 + 1).
-1
What is the value of -3 + 3 + 4 + -7 + -3?
-6
What is the value of (5 - (0 + 0)) + -7 + -1?
-3
What is the value of 5 + (12 + -22 - (-1 - -3))?
-7
Evaluate -1 - (2 + (-2 - (1 + 0))).
0
What is the value of 4 + -11 + (-5 - (-4 - 0))?
-8
What is -2 + 3 - (7 - 8)?
2
What is 27 + -21 - (7 - 1)?
0
What is (8 - (5 + -3)) + -5?
1
Evaluate -1 + 6 - (-3 - (0 + -3)).
5
What is 0 - 4 - (-6 - -11) - -4?
-5
Evaluate -2 + -2 + (27 - 20).
3
What is the value of (-10 - -4 - -5) + 5?
4
What is (-1 - -3) + (0 - (9 - 11))?
4
(2 - -4) + 2 + (-2 - 1)
5
-1 - 0 - (2 + (4 - 7))
0
Calculate -53 - -63 - (13 - 0).
-3
Evaluate -4 + 1 + 6 + -19 + 20.
4
Evaluate (2 + 3 - 3) + 9 + -8.
3
What is the value of -5 - ((8 - 8) + (-1 - 0))?
-4
Evaluate 2 - ((0 - (-1 - 1)) + 2).
-2
-12 - (4 - 3) - -4
-9
-11 - (9 - (24 - 8))
-4
Evaluate 1 + (-10 - -5 - -2) + -2.
-4
-3 + (8 - (1 - -1))
3
What is the value of -4 + 2 + -4 + 2 + -1?
-5
Evaluate -2 + -9 + 5 + 12 - 3.
3
Calculate 43 - 46 - (5 - (1 + 1)).
-6
What is -1 - (-6 - (5 - 9))?
1
What is -6 - -2 - (-7 - (5 - 17))?
-9
Evaluate -3 - -1 - (-120 + 125).
-7
Calculate (2 - (0 + 4)) + 2.
0
What is 0 + 1 - (9 + -6)?
-2
What is -6 + 4 + (3 - 4) - 0?
-3
-3 - -10 - 8 - (-5 + 0)
4
What is the value of (-2 - -1) + 16 + (8 - 17)?
6
What is the value of (-1 - 1 - -1) + (0 - 2)?
-3
What is (-6 + 9 - -13) + -9?
7
What is -2 + (-3 + 11 - 2) - 3?
1
What is -7 + (-16 - -11 - -3)?
-9
Evaluate -12 - (-13 + -2) - (-3 - -3).
3
(6 - 11) + (-2 - -2) + 7
2
Calculate -5 + -2 + 4 + -2.
-5
0 - -7 - (13 + -11) - 6
-1
-3 + (1 - (5 - 6))
-1
4 + (2 - 1) + (-33 - -23)
-5
Calculate 7 + -4 + -1 - (5 + 1).
-4
What is (3 - (8 - 5)) + (-1 - -1)?
0
What is the value of (10 - 1) + (-8 - (-4 + 0))?
5
What is 0 + (8 - 5) - -1?
4
What is the value of -22 - -12 - (-11 + -5)?
6
What is -5 - (1 - 0 - (-34 + 42))?
2
What is the value of (-1 - -1) + -1 + (8 - 3)?
4
Calculate -7 + 6 - (9 + -7).
-3
What is the value of (2 - 11 - -6) + 3 - 1?
-1
(7 - 7) + -3 - 5
-8
What is -5 + 8 - (-1 + -2 + 3)?
3
What is 13 + -4 + -3 + (0 - 1)?
5
What is 1 - 4 - (56 + -60)?
1
What is the value of 3 - (-2 - 1 - 1 - -6)?
1
Calculate 0 + -9 + 17 + (-25 - -13).
-4
Evaluate 1 + 2 - (-19 + 24).
-2
Evaluate (-9 + 1 - (10 - 11)) + -1.
-8
What is 9 + -9 - (1 - -1)?
-2
Calculate -4 - (4 + -5 + -3 - -3).
-3
Calculate 4 - 1 - 1 - -2.
4
-3 + (-2 - -4) + 0 + -1
-2
What is 2 + -4 + -3 - (-6 - -1)?
0
What is the value of 0 + -5 - -2 - (1 - 1)?
-3
What is 74 - 75 - (1 + -5)?
3
What is the value of 0 + (-11 - (5 - 10))?
-6
Evaluate (7 + 5 - 8) + 4.
8
0 - ((0 - 2) + (3 - 2))
1
What is the value of 21 + -13 - (-2 - -5)?
5
Calculate 6 + -11 - (2 + 3 + -9).
-1
Evaluate -4 + (10 - -6) + -6 - 2.
4
5 + (-6 - (1 - -5))
-7
What is 3 + (-7 - -2) + -1?
-3
4 - (0 + -5 + 5)
4
Evaluate -2 - (1 + (-2 - 2) + 5).
-4
-2 - (-1 + 1 - -2)
-4
Evaluate 20 + -17 + (-2 - 0) + 1.
2
What is 3 - 3 - (-2 + 5)?
-3
Evaluate (6 - (7 - 4)) + -3.
0
(0 - (-8 - -4)) + (-22 - -9)
-9
Calculate -2 + -4 - (-2 + 1).
-5
Evaluate (22 - 17) + (0 - 0).
5
What is the value of -3 + (-1 + 6 + -7 - 1)?
-6
4 + -8 + (4 - 2)
-2
Evaluate -4 + ((1 - 6) + 4 - -8).
3
(-2 - 14) + 1 + 8
-7
-11 - -14 - (-2 + 0)
5
Calculate 1 + -2 + 4 + -2.
1
What is (5 - (1 + 2)) + -2?
0
What is 1 - (4 + -13 - -2 - -3)?
5
What is the value of 14 + -3 + -9 + 4?
6
Evaluate -2 + 1 + (6 - 10) + 9.
4
Evaluate -1 + (-5 - (-17 - -5)).
6
What is the value of (3 - -6 - 0) + (1 - 2)?
8
What is 9 + (4 - 10) - (-2 + 9)?
-4
-2 + -17 + 17 + 4 + -1
1
What is the value of 7 + -4 + -1 + 0 + -4?
-2
Evaluate 3 + 6 - (-3 - -18).
-6
What is (5 + 2 + -1 - -3) + -4?
5
Calculate -4 + (3 + 1 + -3 - -4).
1
What is the value of 1 + 1 + 5 + -2?
5
Evaluate (-8 - (11 - 7)) + 4.
-8
0 + 2 + -2 + -3
-3
Calculate -3 + 10 + -1 + -4.
2
0 + (7 - (3 + 4 + -4))
4
(-4 - 2 - -8) + (-1 - 5)
-4
What is the value of 6 - (-13 + 4 - -9)?
6
Evaluate -4 + 4 + -5 + -4.
-9
-2 - (0 - -1) - (3 + -7)
1
What is 6 - (-6 + 8) - 7?
-3
What is 1 + -12 - (-11 - 0)?
0
Evaluate (3 - 1) + -1 - 0 - 4.
-3
Calculate -775 + 769 - (0 - (1 + 1)).
-4
What is 1 - ((-12 - -14) + (-2 - 1))?
2
What is -9 - (8 - (2 + 10))?
-5
Calculate 7 - (-1 + 0 - -9).
-1
Evaluate 4 + -1 + 3 - (3 + -3).
6
8 + -4 + -6 + 2
0
Calculate -1 - -4 - (-16 - -16).
3
(-2 - -2) + -2 + 0 + 2
0
What is 1 - 0 - (-3 + 10 + -8)?
2
Evaluate 3 + -2 + (2 - (-2 + 2)).
3
(-2 - 2) + 14 + -2 + -3
5
What is -2 + (-4 - (-8 + (0 - -4)))?
-2
Calculate 2 + (3 - (1 - -2)).
2
What is the value of 10 + 0 + -3 + -15 + 11?
3
-1 + 2 + (-4 - -1)
-2
12 + -9 - (-8 - -5)
6
(-1 - (3 - 8)) + -9
-5
Calculate -7 + 6 - (-5 + 6).
-2
2 - (-1 - (5 - 5))
3
12 - (-1 - (-9 + 2 + 4))
10
(-2 - -4) + -2 - (-49 - -45)
4
What is the value of 4 + -5 + (2 + -4 - -3)?
0
Calculate 2 - (1 + 7 + 2).
-8
-2 + (9 - 14 - (-1 - 2))
-4
Evaluate -1 + -1 + (220 - 217).
1
Evaluate 1 + -3 - (-32 - -18 - -10).
2
What is the value of (2 - -2) + (0 - (6 + -6))?
4
3 - (-13 + 10 + (5 - 0))
1
-2 + (6 - -1) + -9
-4
Evaluate (-1 - -4) + (-3 - -2).
2
Calculate (-7 - -3) + 8 + (-10 - -1).
-5
Evaluate 6 - (3 + (11 - 6) + -7).
5
Evaluate 7 - (9 - (6 + -1)).
3
-2 + 2 - -2 - 0
2
What is the value of -2 - (-2 - (5 + -8))?
-3
Calculate (-16 - -17) + (0 - (2 - 0)).
-1
Calculate ((3 - 11) + 1 - -1) + 12.
6
11 + 0 - (124 - 118)
5
What is 4 + 0 + (-3 - -9)?
10
Evaluate -8 + (-1 - 7 - (10 - 20)).
-6
Calculate 2 + (1 - (-2 + 5)).
0
Evaluate 3 - (-2 - -1) - 3.
1
Calculate 36 + -24 + (-5 - 0).
7
Evaluate 0 + (-3 - (4 - 5)).
-2
What is the value of 1 + (0 + 1 + 0 - 1)?
1
What is -5 - -3 - (-12 - -9)?
1
What is the value of 1 - -2 - (-2 + (2 - 2))?
5
What is (-3 - -1) + (35 - 30)?
3
What is (-4 - (-3 - 1)) + -2 + -1?
-3
4 - (-4 - -4 - -9)
-5
What is 13 + -13 - (3 - -2 - 9)?
4
Calculate -1 - (2 + 2 + -7).
2
What is the value of 4 - ((8 - 2) + 0)?
-2
-4 + -6 + 4 + 1
-5
Evaluate 3 + (-4 - 1 - -4) + -7.
-5
-2 + (7 + -4 - 5)
-4
Evaluate -9 + 4 - (-15 - -4 - 3).
9
What is 4 + (7 - 10) + 4 - 1?
4
Calculate -3 - (-4 + 4 + (0 - -7)).
-10
Calculate 129 + -135 + 8 + (0 - -1).
3
Evaluate -5 + -3 + 10 + 4 + -1.
5
What is -2 + -17 + (13 - 2)?
-8
What is -2 + -3 + (2 + 3 - 2)?
-2
(-9 - -1) + (-33 - -42)
1
What is -1 - (-9 + 1 + 4)?
3
What is the value of -1 + -15 - (-43 + 34)?
-7
What is 0 + 4 + 102 + -104?
2
What is the value of 7 - (2 - -9 - 11)?
7
(3 - 9) + 3 + 2
-1
Evaluate (-2 - (3 + -5)) + -1.
-1
What is (1 - 3) + -2 + 30 + -22?
4
What is the value of -1 + -3 - -1 - (-9 - -1)?
5
What is the value of 0 + 3 - (-1 - -2 - 1)?
3
Evaluate 8 - (4 - (4 + (0 - 3))).
5
Evaluate 1 + (3 + -1 - (5 - 2)).
0
2 + (-2 - 2) + 0
-2
What is 4 - (7 + (1 - 4))?
0
What is -3 + (0 - ((-5 - -3) + 1))?
-2
12 + -5 - (5 + -4 + 2)
4
0 - 0 - (3 + (0 - 7))
4
-7 + 8 - (0 + 6